e 3.
22211121021110
2291bd (base 14) to base 7
13003026
-337839 (base 10) to base 15
-6a179
7a377 (base 11) to base 10
116244
What is -4626681 (base 11) in base 2?
-11110110111010000001001
Convert 546a2 (base 15) to base 11.
1734a2
-1e1ad (base 15) to base 11
-67910
-2055cb (base 14) to base 4
-10022033133
What is -50892 (base 13) in base 4?
-203032110
Convert 104246564 (base 7) to base 6.
342342312
-1061bb (base 14) to base 7
-4500024
Convert -113323300 (base 4) to base 7.
-555544
Convert -334990 (base 10) to base 13.
-b9626
57aa27 (base 13) to base 6
112330005
What is 1767965 (base 10) in base 8?
6575035
What is 288771 (base 12) in base 3?
1021110200111
Convert -151600 (base 12) to base 15.
-70339
34557671 (base 8) to base 11
42821aa
Convert 1002220321 (base 4) to base 13.
97315
-2217174 (base 8) to base 13
-17c035
-5025a3 (base 11) to base 5
-201334020
What is -bceb8 (base 15) in base 2?
-10010010101001111010
10220102221 (base 3) to base 5
4424432
What is 5130781 (base 9) in base 4?
22130013001
Convert -1001100233 (base 4) to base 14.
-6d5b9
3238183 (base 12) to base 13
1c89795
2000201111210 (base 3) to base 16
106f71
Convert -1a81e (base 15) to base 7.
-506216
21642076 (base 8) to base 9
8707673
249c11 (base 13) to base 8
3264065
663733 (base 10) to base 11
413744
What is -208bb9 (base 15) in base 5?
-344022044
16aec4 (base 15) to base 6
35325321
-1052316 (base 8) to base 10
-283854
What is 20011220221012 (base 3) in base 13?
8b061c
1c563 (base 15) to base 13
33054
What is 171635 (base 9) in base 13?
39470
Convert -336aba6 (base 13) to base 6.
-1322232101
-17022 (base 9) to base 5
-333214
Convert 4362635 (base 8) to base 10.
1172893
-20202121200 (base 3) to base 8
-404010
What is -203112320033 (base 4) in base 10?
-9268751
Convert 123555600 (base 7) to base 12.
2772343
Convert 3154312 (base 6) to base 2.
100101111001000100
Convert -6165153 (base 8) to base 5.
-404223000
-111101011101010 (base 2) to base 3
-1121011102
What is 4a2911 (base 15) in base 7?
42124156
8753804 (base 11) to base 4
322222121133
-473043 (base 10) to base 4
-1303133103
Convert -323000522 (base 6) to base 15.
-785622
What is -c5edc (base 15) in base 12?
-263330
441403004 (base 5) to base 15
279004
What is 1502555 (base 6) in base 8?
250247
-50454414 (base 6) to base 13
-3b4871
Convert 100003133 (base 4) to base 5.
4101014
-14308 (base 9) to base 14
-378c
What is 2000020102 (base 3) in base 9?
60212
Convert -14432052 (base 7) to base 14.
-279029
-78231 (base 13) to base 16
-35319
-2bbb9 (base 13) to base 12
-40258
What is -33243312 (base 5) in base 13?
-a228b
-11101100010010100110 (base 2) to base 15
-141b81
Convert 110467 (base 12) to base 11.
175028
What is -181a56 (base 11) in base 13?
-9aa57
9949a1 (base 11) to base 3
2222122222122
20a21 (base 12) to base 11
2a294
What is -161946 (base 11) in base 16?
-3d5e7
35b3201 (base 12) to base 3
201122012001201
Convert -4165888 (base 10) to base 14.
-7a6276
What is 2100203012 (base 4) in base 12?
246772
What is 1213302000 (base 4) in base 5?
102100323
Convert 20110211 (base 4) to base 2.
1000010100100101
Convert 230104314 (base 5) to base 10.
1019334
-3133200140 (base 5) to base 2
-11000111100000101001001
Convert -1304244 (base 5) to base 12.
-12972
What is 31401423 (base 5) in base 4?
1000021102
Convert -3211b8 (base 14) to base 9.
-3160822
What is 62c4c (base 13) in base 10?
177852
-8605754 (base 10) to base 4
-200311000322
Convert 167493 (base 14) to base 2.
11000000011111011001
Convert 13220211222 (base 4) to base 15.
297e73
What is -11121212210 (base 3) in base 7?
-526263
Convert -fb9e5c (base 16) to base 15.
-16aae36
Convert -120626234 (base 7) to base 16.
-72bde0
3231034 (base 6) to base 14
42274
Convert -1056475 (base 8) to base 12.
-119625
Convert 2632401 (base 8) to base 13.
1c93c4
Convert 1011011110111110110111 (base 2) to base 8.
13367667
1313021112 (base 4) to base 7
4101543
What is -121202100112 (base 3) in base 5?
-41023030
What is -1025777 (base 10) in base 2?
-11111010011011110001
Convert -1121013131 (base 4) to base 14.
-9704d
Convert -121f1d (base 16) to base 2.
-100100001111100011101
What is -22211020 (base 7) in base 12?
-786484
210731 (base 9) to base 12
6059a
What is 1c84a9 (base 15) in base 8?
5244366
-102c365 (base 14) to base 9
-15334058
What is 232614 (base 7) in base 15?
c5c3
-155145140 (base 6) to base 3
-20021000100020
-1126ef (base 16) to base 6
-40032023
-279dc0 (base 14) to base 13
-390624
What is -2c02a2 (base 13) in base 15?
-166aad
76c3b2 (base 16) to base 9
15572662
-1201210212022 (base 3) to base 14
-19dab2
Convert -5423302 (base 9) to base 16.
-2c631b
What is -2105777 (base 9) in base 12?
-4638b1
-86238 (base 10) to base 9
-141260
What is 50166442 (base 7) in base 10?
4151212
10974 (base 13) to base 15
8e1c
Convert 126100641 (base 7) to base 12.
2883853
Convert 28bc567 (base 14) to base 9.
41255455
Convert -33642424 (base 7) to base 14.
-565814
Convert -90856 (base 12) to base 3.
-100112200010
122112020202012 (base 3) to base 2
100011100010001010100010
What is 11236515 (base 7) in base 2?
11110000010100000100
What is 1889138 (base 10) in base 15?
274b28
What is 32634 (base 8) in base 2?
11010110011100
c312 (base 16) to base 10
49938
What is -5348252 (base 10) in base 8?
-24315634
Convert -667772 (base 12) to base 3.
-10001211202112
What is -1101010101011011 (base 2) in base 7?
-315145
What is -1332353 (base 6) in base 7?
-430020
Convert -57643 (base 11) to base 13.
-2bbb4
What is 62230336 (base 7) in base 8?
23716413
What is -1447561 (base 9) in base 12?
-326784
364879 (base 11) to base 4
2030331201
Convert -10012100001 (base 3) to base 2.
-1111010111011010
What is 319140 (base 10) in base 16?
4dea4
Convert c649b9 (base 16) to base 2.
110001100100100110111001
Convert -63701253 (base 8) to base 4.
-303320022223
What is 482678 (base 10) in base 8?
1656566
What is -2750638 (base 9) in base 15?
-1ec41b
-29115 (base 14) to base 4
-120311233
What is 1031442 (base 6) in base 8?
143362
What is 102220222000 (base 3) in base 13?
82aa9
What is 112112212011 (base 3) in base 8?
1057271
What is 1221324222 (base 6) in base 16?
d6b236
-4107 (base 11) to base 5
-133302
Convert 24532b2 (base 12) to base 7.
114102302
Convert 1355377 (base 11) to base 12.
947351
Convert 21032211 (base 5) to base 16.
2a7e8
Convert 263145 (base 11) to base 16.
6519f
Convert 2241416 (base 7) to base 9.
464725
What is 5554225 (base 8) in base 14?
2ad8d7
Convert 1424505 (base 6) to base 10.
81401
-10651001 (base 7) to base 12
-392112
Convert -15b60 (base 16) to base 12.
-43568
Convert 21885a (base 16) to base 5.
1030310334
Convert -140004 (base 7) to base 11.
-18934
374203 (base 10) to base 4
1123112323
What is 1027466 (base 8) in base 13?
97a88
What is 1111111110110100010110 (base 2) in base 16?
3fed16
Convert -f6802 (base 16) to base 3.
-1220022000001
What is -101000101100111101 (base 2) in base 11?
-104291
What is a886 (base 11) in base 13?
6707
Convert 1734cb (base 13) to base 3.
1002101202122
Convert 210615 (base 7) to base 9.
54736
What is c2e06 (base 15) in base 8?
2265676
-2430504 (base 6) to base 7
-1043413
Convert -10110111100011110010111 (base 2) to base 5.
-3014433441
4465024 (base 7) to base 4
2013033223
What is 8277100 (base 9) in base 13?
bba229
-48208 (base 11) to base 5
-4210322
What is -460264 (base 9) in base 11?
-179221
Convert 8a104 (base 11) to base 2.
11111111000000011
-410510 (base 6) to base 16
-7f4a
Convert -1b688 (base 14) to base 7.
-410531
Convert -5937a1 (base 12) to base 13.
-3b416c
-120268 (base 15) to base 6
-30242525
Convert -10c043 (base 13) to base 8.
-1410620
Convert -213241 (base 11) to base 4.
-1103100133
3706b8 (base 13) to base 10
1314971
112130b (base 13) to base 9
10803474
-5ffc (base 16) to base 5
-1241242
18e261 (base 16) to base 9
3055048
Convert -110221011011211 (base 3) to base 4.
-122031311131
What is -361028 (base 11) in base 7?
-4602455
What is -21110002101 (base 3) in base 14?
-3b5cd
154736 (base 11) to base 5
30143331
10010001221 (base 3) to base 16
ef68
Convert 3731078 (base 9) to base 3.
10211001002122
15ccb8 (base 16) to base 11
896416
What is 3310300 (base 6) in base 12?
7b390
What is -1919735 (base 10) in base 5?
-442412420
Convert 6120126 (base 7) to base 2.
1011000